i = v, 6*i - 4*i - 2 = 0. List the prime factors of b.
3, 11
Suppose -7*t = 8*t - 19365. What are the prime factors of t?
1291
Suppose 923 + 143 = 13*r. Suppose 4*q + 4 = -p + r, -3*p + 3*q = -159. List the prime factors of p.
2, 29
Let j(m) = -m**3 - 9*m**2. Let x be j(-9). Suppose -r - 4*l + 131 = x, -163 = -0*r - r + 4*l. What are the prime factors of r?
3, 7
Suppose 0 = -j + 5, j = -4*q - 0*j + 17. Suppose 2*i - 6*i + 144 = q*f, 5*f + 4*i - 232 = 0. List the prime factors of f.
2, 11
Suppose 3*g = 3*a - 8349, -2*g = -g + 1. What are the prime factors of a?
2, 13, 107
Let m(t) be the third derivative of 139*t**4/24 + 5*t**3/6 - 14*t**2. List the prime factors of m(1).
2, 3
Let k = 0 + 4. Let w be (0 + (-85)/(-2))*(-40)/(-25). Suppose -3*z + w = -2*n, 3*z - 43 - 37 = -k*n. List the prime factors of z.
2, 3
Suppose 5*p + 7 = 22. Let d be 50/6 + p/(-9). Suppose -20 = -3*v - d. List the prime factors of v.
2
Let p(j) = 74*j**2 + 2*j - 2. Let i be p(-2). Suppose i = 6*a - 178. Suppose 3*n - 3*y = a, -26 = -n + 5*y - 2*y. What are the prime factors of n?
2, 13
Suppose 0 = -5*r - 86 + 6. Let h be 30/(-210) - 604/(-14). Let p = r + h. List the prime factors of p.
3
Let g(w) = 2*w**3 - 6*w**2 + 2*w - 3. Let f be g(3). Suppose -f*t + 21 = -2*t. List the prime factors of t.
3, 7
Let d(p) = -141*p**2 - 12*p + 41. Let z(m) = -47*m**2 - 4*m + 14. Let r(f) = -4*d(f) + 11*z(f). List the prime factors of r(2).
2, 3, 31
Let m be (-10)/35 + (-2360)/(-28). List the prime factors of 2/(-7) + (-15)/21 + m.
83
What are the prime factors of (-5)/10*-1*5716?
2, 1429
Let i(x) = 2*x - 22. Let c be i(10). Let j be c/1 - (-3 - -1). Suppose j = 8*u - 5*u - 204. What are the prime factors of u?
2, 17
Let o(a) = -a + 4. Let u(s) = -2*s + 5. Let l(i) = -3*o(i) + 2*u(i). Let q be l(-2). Suppose q*p - 11 = -p. What are the prime factors of p?
11
Let o(u) = -5 - 13*u + 2 + 2 - 8*u. Let g be o(-1). Suppose -5*j + g = 0, -4*j = -p - 5 - 8. List the prime factors of p.
3
Let v(g) = -g + 10. Let r be v(8). Let k be r/((-4)/3 - -2). Suppose -2*a - 2*x = -a - 13, -k*x + 26 = 2*a. List the prime factors of a.
13
Let k be (0 - (-2 - 2))/2. Let s(y) = 4*y - 8*y**2 - 12*y + 20*y**2 + 10 - 13*y**k. What are the prime factors of s(-8)?
2, 5
Let s(p) be the third derivative of p**6/120 - p**5/15 + p**4/24 + 5*p**3/6 - 4*p**2. List the prime factors of s(6).
83
Let l(f) = -5*f + 71. Let b be l(11). Suppose 4*c = b, 3*c - 193 = -3*q - 13. What are the prime factors of q?
2, 7
Let s(j) = -j**2 - 20*j - 2. Let c = 24 - 37. What are the prime factors of s(c)?
89
Suppose -65*f + 63*f = -588. What are the prime factors of f?
2, 3, 7
Suppose 0 = -3*c - c - 24. Let j(k) = k**3 + 7*k**2 + 6*k + 4. Let t be j(c). Suppose -a = t*a - 110. What are the prime factors of a?
2, 11
Suppose -3*l + 4489 = -2*n, 121*l + 4*n = 124*l - 4499. List the prime factors of l.
1493
Suppose 0*u - u = 2*b - 29, -5*b + 50 = -2*u. Suppose 2*y = -y + b. Let a = y - -2. List the prime factors of a.
2, 3
Let d(n) = -3*n + 14. Let h = 8 - 17. Let i be h/(3/3) + 4. List the prime factors of d(i).
29
Let z(q) = -68*q**3 - q**2 - 2*q. Let c be (3 + 1)*((-27)/12 - -2). What are the prime factors of z(c)?
3, 23
Let g be (2 + -18)/(3/(-81)*-3). What are the prime factors of 3416/18 - 32/g?
2, 5, 19
Suppose -3*l + 8*l + 3*f = -15, -f + 5 = 0. What are the prime factors of (-1 - 346/l)*(-948)/(-395)?
2, 17
Suppose 0 = 33*v - 5447 - 2275. What are the prime factors of v?
2, 3, 13
Let f(b) = b**3 + 19*b**2 - 86*b - 8. List the prime factors of f(9).
2, 743
Let z(d) = d**2 + 6*d + 8. Let u be z(-5). Suppose u*y = -13 + 136. List the prime factors of y.
41
Suppose -d + 17 = 4*i - 3, 4*i = -4*d + 8. Let x(h) be the first derivative of 5*h**2 - 3*h - 4. What are the prime factors of x(i)?
3, 19
What are the prime factors of (966 - -1)/((-12)/((-216)/18))?
967
Let b be (-18)/4*(-12)/9. Let t(f) = 20*f - 24. List the prime factors of t(b).
2, 3
Let h(f) = 32*f**3 - 9*f**2 + 10*f - 9. Let m be h(3). Suppose -3*k + m = k. List the prime factors of k.
3, 67
Suppose -894 = 6*s - 2190. List the prime factors of s.
2, 3
Let d = -2 + 3. Let b(h) be the third derivative of 2*h**5/15 + h**4/12 - h**3/6 - h**2. List the prime factors of b(d).
3
Suppose -1416 = -19*f - 5*f. Suppose 8 = s + 3, -189 = -3*c - 3*s. Suppose 0 = -3*b + f + c. List the prime factors of b.
3, 13
Let m = 89 + 136. Let p = 432 - m. What are the prime factors of p?
3, 23
What are the prime factors of ((-10208)/55)/(-8)*50?
2, 5, 29
Suppose 3*j + 23*r = 18*r + 9103, 4*j - 12079 = 5*r. What are the prime factors of j?
2, 17, 89
Let i be 1 + 15/(-10) - 727/2. Let a = i + 621. What are the prime factors of a?
257
Suppose 28 = -j - 3*j. Let d be (-16)/5 - j/35. What are the prime factors of 30 - (-2 - d - 0)?
29
Let u(g) be the second derivative of -g**4/12 - 3*g**3 - 10*g**2 + 12*g. List the prime factors of u(-15).
5
Suppose 2*u + 1880 = 5*c, -3*c + 846 = 5*u - 251. Let i = c + -233. What are the prime factors of i?
3, 47
Suppose -i + 2*s + 11 = -0*i, -16 = -5*i - 3*s. What are the prime factors of i - -201 - (4 - -1)?
3, 67
Suppose -2*m + 3*v - 3 = 3, -3*m - 5*v = -29. What are the prime factors of (-1280)/(-6) + (-1)/m?
3, 71
Let n = 1293 - 873. What are the prime factors of n?
2, 3, 5, 7
Suppose 0 = -1317*k + 1322*k - 11255. What are the prime factors of k?
2251
Let d = 2672 - 965. List the prime factors of d.
3, 569
Suppose 0 = -6*o + 4*o + 2916. List the prime factors of o.
2, 3
Let p(u) = 141*u**3 + 1. Let g be (-2 - (3 - 9)) + (-6 - -3). List the prime factors of p(g).
2, 71
Let m(f) = -33*f + 215. List the prime factors of m(-29).
2, 293
List the prime factors of 764/3*(6 + 5 + -8).
2, 191
List the prime factors of (-6601)/(-3) + (2 - (-8)/(-6)).
31, 71
Suppose 11*t - 12*t + 2 = 0. Suppose t*v + 6*o - 91 = o, 118 = 2*v - 4*o. List the prime factors of v.
53
Suppose -2*a = -12*a + 5130. What are the prime factors of a?
3, 19
Let h(a) = a**2 - 14*a - 2. Let z be h(14). Let k(r) = 44*r**2 + r - 1. Let t be k(z). Suppose -t - 37 = -7*m. What are the prime factors of m?
2, 3, 5
Let m(h) = h + 27. Let v be m(-7). Let b be ((-144)/v)/(2/(-65)). Suppose p - b = -5*p. What are the prime factors of p?
3, 13
Let q(x) = -x**2 - 8*x - 7. Let w = 3 + -2. Let z = -5 - w. List the prime factors of q(z).
5
List the prime factors of (-280)/21*-51 - 5/1.
3, 5
Let m = 12 + -3. Let c = m + -11. Let a = c - -19. What are the prime factors of a?
17
Let p(i) = -i**3 - 13*i**2 - i - 8. Let z be p(-13). Suppose -2*w - z*d = w - 339, 3*w - 339 = 3*d. What are the prime factors of w?
113
Suppose 11 = p + t, -2*p - t - 4 = -28. Let r = 16 - p. Suppose -5*u + 2*s - r*s = -210, 5*s + 139 = 4*u. List the prime factors of u.
41
Let y(p) = -2*p. Let z be y(-6). Let v = 41 + z. What are the prime factors of v?
53
Suppose -2*l + j - 7 = 0, -2*l - 5*j = -0*j + 37. What are the prime factors of (-6 + 33)*(-14)/l?
3, 7
List the prime factors of 48578/24 - 1 - 14/168.
7, 17
Let n(f) = -f**2 + 4*f - 3*f**2 + 6*f**2 + f**2. What are the prime factors of n(3)?
3, 13
Let h = 297 + -1. Let c = h + -135. What are the prime factors of c?
7, 23
What are the prime factors of (84/35)/(6/6525)?
2, 3, 5, 29
Let x = -145 - -149. Suppose 0 = 2*y - x*y + 142. List the prime factors of y.
71
What are the prime factors of (7 - 6) + 796 - -2?
17, 47
Let a = -2 - -52. Suppose -7*p - 35 = 49. Let g = p + a. List the prime factors of g.
2, 19
Suppose -7*y + 3*y - 12 = 0. Let h be (-2)/(6 - (1 - y)). List the prime factors of 31/((-2 + h)/(-3)).
31
Let c be ((-39)/52)/((-3)/8). What are the prime factors of (0 - c - -4) + 28?
2, 3, 5
Suppose 5*u - 4*d - 14019 = 0, 0 = 5*u - 25*d + 26*d - 14014. List the prime factors of u.
2803
Let z = -433 + 1603. List the prime factors of z.
2, 3, 5, 13
Let f(q) = -9*q + 40*q + 12 - 19*q. Let c be f(6). Let h = c + -42. List the prime factors of h.
2, 3, 7
What are the prime factors of ((-5)/(-20))/(23202/(-23208) + 1)?
967
Let v = 492 + -20. List the prime factors of v.
2, 59
Suppose 4*m - 18 = -2*c, 3*m + 8*c - 11 = 4*c. Suppose m = -5*p + l, 4*l = -p + l - 17. What are the prime factors of p/5 + (-216)/(-40)?
5
Let k(b) = -5*b + 38. Let p(x) = -2*x**3 - 13*x**2 + 6*x - 18. Let t be p(-7). Lis